5 and 465?
15
What is the highest common divisor of 68 and 3383?
17
Calculate the greatest common divisor of 44 and 1012.
44
What is the highest common factor of 35 and 448?
7
Calculate the highest common divisor of 56 and 16184.
56
Calculate the highest common factor of 320 and 112.
16
What is the greatest common factor of 9 and 93?
3
Calculate the highest common divisor of 845 and 26.
13
Calculate the highest common factor of 45 and 3555.
45
What is the greatest common factor of 55 and 73480?
55
Calculate the greatest common divisor of 2542 and 62.
62
Calculate the greatest common factor of 10662 and 6.
6
Calculate the greatest common factor of 420 and 708.
12
Calculate the greatest common factor of 390 and 4875.
195
Calculate the highest common factor of 2479 and 67.
67
What is the greatest common divisor of 7154 and 73?
73
What is the highest common divisor of 729 and 81?
81
Calculate the greatest common divisor of 2990 and 52.
26
What is the greatest common divisor of 23 and 92?
23
What is the greatest common factor of 16 and 48?
16
What is the greatest common factor of 96 and 12?
12
Calculate the highest common divisor of 42074 and 218.
218
What is the highest common factor of 324 and 612?
36
Calculate the greatest common divisor of 9 and 11916.
9
What is the highest common divisor of 9 and 243?
9
What is the greatest common divisor of 7 and 14?
7
What is the highest common divisor of 41 and 41?
41
What is the greatest common factor of 252 and 157500?
252
Calculate the greatest common divisor of 408 and 1734.
102
Calculate the greatest common divisor of 112 and 9828.
28
What is the highest common factor of 656 and 1271?
41
What is the greatest common divisor of 13 and 1027?
13
What is the highest common divisor of 6 and 6?
6
What is the highest common factor of 2345 and 70?
35
What is the highest common divisor of 10 and 400?
10
What is the highest common divisor of 90 and 126?
18
Calculate the highest common factor of 828 and 288.
36
What is the highest common factor of 729 and 12?
3
What is the highest common divisor of 210 and 336?
42
What is the highest common divisor of 12 and 438?
6
Calculate the greatest common divisor of 1128 and 141.
141
What is the highest common divisor of 85 and 187?
17
What is the highest common divisor of 33885 and 15?
15
What is the greatest common factor of 90 and 5?
5
Calculate the highest common divisor of 1157 and 13.
13
What is the greatest common factor of 1000 and 7250?
250
What is the greatest common factor of 13 and 117?
13
Calculate the greatest common factor of 310 and 1426.
62
What is the highest common divisor of 636 and 36?
12
What is the greatest common divisor of 30 and 2055?
15
Calculate the greatest common divisor of 3744 and 576.
288
Calculate the highest common divisor of 8058 and 3.
3
Calculate the greatest common divisor of 18 and 1814.
2
What is the highest common factor of 19921 and 11?
11
Calculate the highest common divisor of 36 and 5526.
18
What is the greatest common divisor of 152 and 10868?
76
Calculate the highest common factor of 98 and 343.
49
Calculate the greatest common divisor of 9021 and 776.
97
What is the highest common divisor of 216 and 32?
8
What is the highest common factor of 532 and 140?
28
Calculate the greatest common factor of 11 and 44.
11
Calculate the highest common divisor of 192 and 354.
6
What is the greatest common divisor of 64 and 3408?
16
What is the highest common factor of 2 and 186?
2
Calculate the greatest common divisor of 105 and 255.
15
What is the highest common divisor of 104 and 130?
26
What is the highest common divisor of 2992 and 408?
136
Calculate the greatest common factor of 980 and 350.
70
Calculate the greatest common divisor of 260 and 3040.
20
Calculate the greatest common factor of 17 and 17.
17
What is the highest common factor of 4304 and 16?
16
What is the greatest common factor of 288 and 1392?
48
Calculate the greatest common divisor of 11 and 1375.
11
Calculate the highest common divisor of 20 and 530.
10
What is the highest common factor of 225 and 6660?
45
Calculate the highest common divisor of 98 and 5929.
49
Calculate the greatest common divisor of 138 and 19182.
138
Calculate the greatest common divisor of 65 and 1755.
65
Calculate the greatest common factor of 36 and 120.
12
What is the greatest common factor of 21151 and 13?
13
What is the greatest common factor of 30 and 950?
10
What is the greatest common factor of 56 and 176?
8
Calculate the highest common divisor of 162 and 414.
18
What is the greatest common divisor of 28 and 6412?
28
Calculate the highest common factor of 246 and 6.
6
What is the highest common divisor of 11 and 2?
1
What is the greatest common factor of 16 and 2576?
16
What is the highest common divisor of 235 and 40?
5
Calculate the highest common factor of 182 and 42.
14
Calculate the highest common divisor of 2023 and 17.
17
Calculate the greatest common factor of 60 and 270.
30
Calculate the greatest common divisor of 100929 and 51.
51
Calculate the highest common divisor of 1175 and 400.
25
What is the highest common factor of 806 and 496?
62
What is the highest common divisor of 51 and 1003?
17
Calculate the highest common factor of 162 and 3.
3
Calculate the highest common divisor of 12 and 2556.
12
What is the greatest common divisor of 1275 and 100?
25
What is the greatest common divisor of 5917 and 122?
61
What is the highest common factor of 776 and 6?
2
What is the highest common factor of 39 and 247?
13
Calculate the highest common divisor of 9760 and 61.
61
What is the greatest common divisor of 140 and 112?
28
What is the greatest common divisor of 363 and 3?
3
Calculate the highest common divisor of 323 and 19.
19
What is the greatest common factor of 85 and 935?
85
What is the highest common factor of 2184 and 195?
39
What is the greatest common divisor of 19000 and 76?
76
What is the highest common divisor of 28 and 1407?
7
Calculate the highest common divisor of 20 and 230.
10
Calculate the highest common divisor of 729 and 27.
27
Calculate the highest common divisor of 77 and 121.
11
Calculate the highest common factor of 15 and 111.
3
What is the highest common factor of 161 and 207?
23
What is the greatest common divisor of 512 and 8?
8
Calculate the highest common factor of 2160 and 150.
30
What is the highest common factor of 62 and 155?
31
What is the highest common factor of 72 and 387?
9
Calculate the highest common factor of 1872 and 364.
52
Calculate the highest common divisor of 180 and 260.
20
Calculate the greatest common divisor of 54150 and 30.
30
Calculate the highest common factor of 6 and 267.
3
What is the highest common divisor of 60 and 100?
20
Calculate the greatest common factor of 70 and 378.
14
What is the highest common divisor of 33 and 1089?
33
What is the highest common factor of 48 and 208?
16
Calculate the greatest common factor of 1079 and 3071.
83
What is the highest common factor of 105 and 980?
35
Calculate the greatest common divisor of 184 and 8.
8
What is the greatest common factor of 32 and 37136?
16
Calculate the highest common factor of 407 and 74.
37
What is the greatest common factor of 72 and 522?
18
Calculate the highest common divisor of 246 and 19598.
82
What is the highest common divisor of 46 and 2875?
23
What is the highest common factor of 1066 and 164?
82
What is the highest common divisor of 16 and 208?
16
What is the greatest common divisor of 77 and 14?
7
Calculate the greatest common factor of 16 and 6296.
8
Calculate the greatest common factor of 7328 and 32.
32
What is the highest common factor of 54 and 36?
18
Calculate the greatest common divisor of 48 and 72.
24
What is the highest common factor of 206 and 30694?
206
Calculate the greatest common factor of 2178 and 682.
22
What is the greatest common divisor of 57 and 2109?
57
What is the greatest common factor of 100 and 156?
4
Calculate the highest common divisor of 2842 and 28.
14
Calculate the greatest common factor of 15 and 51.
3
Calculate the highest common divisor of 90 and 1670.
10
Calculate the greatest common factor of 1324 and 12.
4
What is the greatest common divisor of 6464 and 101?
101
What is the greatest common factor of 24 and 54?
6
What 